43 is divided by 512?
511
Calculate the remainder when 116169 is divided by 58079.
11
Calculate the remainder when 217766 is divided by 237.
200
What is the remainder when 3878 is divided by 25?
3
Calculate the remainder when 43319 is divided by 62.
43
Calculate the remainder when 128683 is divided by 94.
91
What is the remainder when 6059194 is divided by 1177?
1175
Calculate the remainder when 26324 is divided by 13076.
172
What is the remainder when 176318 is divided by 4?
2
What is the remainder when 2701984 is divided by 715?
714
What is the remainder when 16919 is divided by 178?
9
Calculate the remainder when 63242 is divided by 30.
2
What is the remainder when 60149 is divided by 25?
24
What is the remainder when 2899 is divided by 468?
91
Calculate the remainder when 30177 is divided by 1797.
1425
What is the remainder when 10231 is divided by 840?
151
Calculate the remainder when 2263 is divided by 728.
79
Calculate the remainder when 2627 is divided by 24.
11
What is the remainder when 1382 is divided by 13?
4
Calculate the remainder when 32830 is divided by 1342.
622
What is the remainder when 12433 is divided by 12144?
289
What is the remainder when 79917 is divided by 120?
117
What is the remainder when 10700 is divided by 48?
44
Calculate the remainder when 166310 is divided by 75.
35
What is the remainder when 8010 is divided by 21?
9
Calculate the remainder when 127329 is divided by 535.
534
What is the remainder when 309414 is divided by 11?
6
What is the remainder when 16034 is divided by 373?
368
Calculate the remainder when 101889 is divided by 2485.
4
What is the remainder when 4170 is divided by 7?
5
Calculate the remainder when 1534339 is divided by 219191.
2
Calculate the remainder when 11732 is divided by 301.
294
Calculate the remainder when 1402 is divided by 689.
24
Calculate the remainder when 2582 is divided by 568.
310
What is the remainder when 6759 is divided by 1688?
7
What is the remainder when 8063 is divided by 4020?
23
What is the remainder when 160156 is divided by 385?
381
What is the remainder when 717878 is divided by 47858?
8
What is the remainder when 3026 is divided by 745?
46
What is the remainder when 218590 is divided by 108?
106
Calculate the remainder when 120327 is divided by 70.
67
Calculate the remainder when 2023 is divided by 98.
63
What is the remainder when 32127 is divided by 270?
267
Calculate the remainder when 6728 is divided by 8.
0
Calculate the remainder when 13523 is divided by 356.
351
Calculate the remainder when 15582 is divided by 4.
2
What is the remainder when 1995340 is divided by 362?
358
Calculate the remainder when 244188 is divided by 6975.
63
Calculate the remainder when 42269 is divided by 21128.
13
What is the remainder when 10317 is divided by 932?
65
What is the remainder when 4434 is divided by 1968?
498
Calculate the remainder when 1420 is divided by 114.
52
Calculate the remainder when 603688 is divided by 86239.
15
Calculate the remainder when 4519575 is divided by 42.
39
What is the remainder when 161644 is divided by 29?
27
What is the remainder when 26155 is divided by 319?
316
What is the remainder when 5464069 is divided by 68?
65
What is the remainder when 7592 is divided by 7490?
102
What is the remainder when 692390 is divided by 568?
566
Calculate the remainder when 404204 is divided by 5.
4
Calculate the remainder when 187 is divided by 37.
2
What is the remainder when 43206 is divided by 44?
42
What is the remainder when 13930 is divided by 8?
2
What is the remainder when 1506222 is divided by 184?
182
What is the remainder when 1505025 is divided by 1558?
1555
Calculate the remainder when 3284 is divided by 85.
54
Calculate the remainder when 17276 is divided by 35.
21
Calculate the remainder when 31871 is divided by 1135.
91
What is the remainder when 20275 is divided by 362?
3
What is the remainder when 10033 is divided by 29?
28
Calculate the remainder when 198 is divided by 11.
0
Calculate the remainder when 116838 is divided by 23361.
33
What is the remainder when 3591 is divided by 178?
31
Calculate the remainder when 899 is divided by 57.
44
What is the remainder when 71889 is divided by 14375?
14
What is the remainder when 294505 is divided by 36?
25
What is the remainder when 23590 is divided by 2946?
22
What is the remainder when 4144 is divided by 2058?
28
What is the remainder when 3835 is divided by 101?
98
Calculate the remainder when 1437 is divided by 260.
137
Calculate the remainder when 1115 is divided by 6.
5
What is the remainder when 40006 is divided by 1481?
19
Calculate the remainder when 1585537 is divided by 220.
217
What is the remainder when 4643 is divided by 1030?
523
What is the remainder when 15232 is divided by 58?
36
Calculate the remainder when 13305 is divided by 225.
30
Calculate the remainder when 97244 is divided by 446.
16
What is the remainder when 249502 is divided by 35643?
1
Calculate the remainder when 4508 is divided by 1265.
713
Calculate the remainder when 776 is divided by 706.
70
What is the remainder when 3242 is divided by 28?
22
What is the remainder when 16927 is divided by 1687?
57
Calculate the remainder when 28209 is divided by 812.
601
What is the remainder when 265 is divided by 119?
27
Calculate the remainder when 15760 is divided by 7.
3
Calculate the remainder when 3423 is divided by 323.
193
What is the remainder when 19739 is divided by 614?
91
Calculate the remainder when 4893 is divided by 4695.
198
Calculate the remainder when 2100941 is divided by 749.
745
What is the remainder when 525 is divided by 248?
29
Calculate the remainder when 141244 is divided by 134.
8
What is the remainder when 13132 is divided by 66?
64
Calculate the remainder when 21993 is divided by 13.
10
Calculate the remainder when 766061 is divided by 26.
23
What is the remainder when 18321 is divided by 327?
9
Calculate the remainder when 360671 is divided by 136.
135
Calculate the remainder when 3551 is divided by 252.
23
What is the remainder when 8454 is divided by 113?
92
Calculate the remainder when 4330 is divided by 226.
36
Calculate the remainder when 28873 is divided by 7216.
9
Calculate the remainder when 960 is divided by 241.
237
Calculate the remainder when 7567 is divided by 581.
14
Calculate the remainder when 172081 is divided by 278.
277
What is the remainder when 836393 is divided by 75?
68
What is the remainder when 5878682 is divided by 1955?
1952
Calculate the remainder when 90576 is divided by 536.
528
Calculate the remainder when 1076 is divided by 23.
18
What is the remainder when 23887 is divided by 860?
667
What is the remainder when 69428 is divided by 13?
8
Calculate the remainder when 24156 is divided by 929.
2
What is the remainder when 793 is divided by 335?
123
Calculate the remainder when 239498 is divided by 907.
50
Calculate the remainder when 10110 is divided by 234.
48
Calculate the remainder when 17485 is divided by 781.
303
What is the remainder when 1568 is divided by 1558?
10
What is the remainder when 302772 is divided by 275?
272
Calculate the remainder when 31840 is divided by 475.
15
What is the remainder when 4921 is divided by 58?
49
Calculate the remainder when 1247008 is divided by 1435.
1428
Calculate the remainder when 17065 is divided by 1228.
1101
Calculate the remainder when 2627 is divided by 444.
407
What is the remainder when 83522 is divided by 5?
2
Calculate the remainder when 7128 is divided by 134.
26
What is the remainder when 56373 is divided by 1761?
21
What is the remainder when 6920 is divided by 44?
12
Calculate the remainder when 833759 is divided by 416877.
5
What is the remainder when 139233 is divided by 22?
17
What is the remainder when 79947 is divided by 103?
19
What is the remainder when 772 is divided by 112?
100
What is the remainder when 19310 is divided by 4825?
10
What is the remainder when 33203 is divided by 1000?
203
What is the remainder when 49660 is divided by 165?
160
What is the remainder when 18172 is divided by 4543?
0
What is the remainder when 31745 is divided by 3525?
20
Calculate the remainder when 65683 is divided by 8209.
11
What is the remainder when 47086 is divided by 122?
116
Calculate the remainder when 136